 439, 3593
What are the prime factors of 1189932521?
53, 601, 37357
What are the prime factors of 63123923?
29, 59, 79, 467
What are the prime factors of 1219199915?
5, 419, 521, 1117
List the prime factors of 799387820.
2, 5, 7, 11, 519083
List the prime factors of 1073554641.
3, 17, 43, 18131
What are the prime factors of 4965963?
3, 1655321
What are the prime factors of 318109213?
318109213
What are the prime factors of 429463563?
3, 331, 432491
What are the prime factors of 1278472702?
2, 13, 49172027
What are the prime factors of 164198277?
3, 18244253
What are the prime factors of 72619587?
3, 8068843
What are the prime factors of 3497921?
7, 43, 11621
What are the prime factors of 110981587?
110981587
List the prime factors of 117975995.
5, 1181, 19979
List the prime factors of 458017278.
2, 3, 211, 331, 1093
What are the prime factors of 56280456?
2, 3, 781673
What are the prime factors of 15884404?
2, 71, 55931
What are the prime factors of 209533012?
2, 13, 1307, 3083
List the prime factors of 702968652.
2, 3, 6508969
What are the prime factors of 1156814781?
3, 385604927
What are the prime factors of 69913887?
3, 23304629
List the prime factors of 31620003.
3, 10540001
What are the prime factors of 102224420?
2, 5, 23, 29, 79, 97
What are the prime factors of 44706283?
43, 1039681
List the prime factors of 187597805.
5, 17, 2207033
List the prime factors of 18492412.
2, 241, 19183
What are the prime factors of 3634642227?
3, 1211547409
List the prime factors of 1312605.
3, 5, 7, 463
List the prime factors of 156814978.
2, 78407489
List the prime factors of 216560046.
2, 3, 36093341
List the prime factors of 35512455.
3, 5, 11, 137, 1571
What are the prime factors of 1173174645?
3, 5, 78211643
List the prime factors of 17529135.
3, 5, 13, 241, 373
What are the prime factors of 17876939?
113, 281, 563
What are the prime factors of 121582804?
2, 7, 1597, 2719
List the prime factors of 337310860.
2, 5, 941, 17923
List the prime factors of 214766110.
2, 5, 13, 1652047
List the prime factors of 798499700.
2, 5, 19, 420263
List the prime factors of 2656826267.
3461, 767647
What are the prime factors of 195960159?
3, 43, 506357
What are the prime factors of 104394886?
2, 52197443
List the prime factors of 1023936568.
2, 127992071
List the prime factors of 250252426.
2, 29, 463, 9319
List the prime factors of 4428642929.
307, 14425547
What are the prime factors of 630414784?
2, 1237, 7963
What are the prime factors of 2662125582?
2, 3, 397, 1117601
List the prime factors of 31465641.
3, 101, 113, 919
List the prime factors of 33371019.
3, 11, 337081
List the prime factors of 3876288502.
2, 41, 409, 2819
List the prime factors of 55904808.
2, 3, 29, 47, 1709
List the prime factors of 107366560.
2, 5, 7, 17, 5639
What are the prime factors of 2434043353?
7, 347720479
List the prime factors of 248094751.
1933, 128347
List the prime factors of 7944880.
2, 5, 47, 2113
What are the prime factors of 2210715013?
13, 170055001
List the prime factors of 199320913.
11, 67, 229, 1181
List the prime factors of 213925278.
2, 3, 7, 53, 13729
List the prime factors of 159004029.
3, 523, 101341
List the prime factors of 3823259.
11, 43, 59, 137
List the prime factors of 173835738.
2, 3, 137, 157, 449
List the prime factors of 2816038827.
3, 7, 44699029
What are the prime factors of 829081268?
2, 13337, 15541
What are the prime factors of 318297883?
41, 151, 51413
List the prime factors of 145894846.
2, 59, 1236397
What are the prime factors of 606257307?
3, 67361923
What are the prime factors of 44958225?
3, 5, 13, 3547
List the prime factors of 1712595133.
41, 41770613
What are the prime factors of 743888595?
3, 5, 61, 577, 1409
List the prime factors of 9415029.
3, 13, 73, 3307
List the prime factors of 70324959.
3, 4729, 4957
What are the prime factors of 856730586?
2, 3, 29, 4923739
What are the prime factors of 1036090295?
5, 41, 5054099
List the prime factors of 1089037902.
2, 3, 23, 71, 111149
List the prime factors of 85652931.
3, 7, 13, 19, 337
List the prime factors of 562668110.
2, 5, 56266811
List the prime factors of 139550528.
2, 13, 167729
List the prime factors of 2994118168.
2, 374264771
List the prime factors of 1942205713.
7, 3779, 73421
List the prime factors of 74713637.
23, 571, 5689
What are the prime factors of 1648430550?
2, 3, 5, 13, 281783
What are the prime factors of 55111565?
5, 23, 479231
List the prime factors of 3330277052.
2, 31, 26857073
What are the prime factors of 852747133?
7, 71, 1715789
List the prime factors of 58662878.
2, 503, 58313
What are the prime factors of 238665923?
193, 1236611
List the prime factors of 266659623.
3, 19, 47, 33179
List the prime factors of 15838251.
3, 11, 13, 36919
What are the prime factors of 110931117?
3, 11, 41, 163, 503
List the prime factors of 215631110.
2, 5, 21563111
List the prime factors of 603283097.
17, 35487241
List the prime factors of 266667773.
23, 11594251
What are the prime factors of 4410736183?
7, 630105169
List the prime factors of 76454620.
2, 5, 11, 53, 79, 83
What are the prime factors of 751722356?
2, 7, 11, 2440657
What are the prime factors of 6310566?
2, 3, 350587
What are the prime factors of 100553466?
2, 3, 13, 67, 71, 271
List the prime factors of 57182328.
2, 3, 7, 59, 641
List the prime factors of 3984053881.
127, 1259, 24917
What are the prime factors of 241609670?
2, 5, 433, 55799
List the prime factors of 208512277.
208512277
What are the prime factors of 4240992?
2, 3, 7, 6311
What are the prime factors of 506039368?
2, 163, 388067
What are the prime factors of 20518374?
2, 3, 127, 26927
List the prime factors of 2601474722.
2, 7, 11, 47, 359419
What are the prime factors of 64545358?
2, 29, 137, 8123
What are the prime factors of 41928288?
2, 3, 19, 127, 181
List the prime factors of 5273927423.
37, 142538579
List the prime factors of 39820133.
39820133
List the prime factors of 7874985209.
7, 13, 4093, 21143
List the prime factors of 987518218.
2, 127, 3887867
What are the prime factors of 187967962?
2, 7, 13, 61, 16931
List the prime factors of 32187441.
3, 11, 13, 75029
What are the prime factors of 51290279?
6133, 8363
List the prime factors of 25352428.
2, 6338107
What are the prime factors of 126235746?
2, 3, 7, 13, 8563
List the prime factors of 10977931.
47, 131, 1783
List the prime factors of 77811482.
2, 7, 17, 326939
What are the prime factors of 373042275?
3, 5, 4973897
What are the prime factors of 677154761?
17, 71, 109, 5147
What are the prime factors of 582259342?
2, 7, 41589953
What are the prime factors of 109635751?
587, 186773
List the prime factors of 15691615.
5, 293, 10711
What are the prime factors of 6017668279?
7, 17, 509, 99349
List the prime factors of 5948060589.
3, 17, 101, 384913
List the prime factors of 20872933.
20872933
List the prime factors of 40621242.
2, 3, 41, 61, 2707
What are the prime factors of 67566088?
2, 23, 367207
What are the prime factors of 257466380?
2, 5, 12873319
What are the prime factors of 3534604768?
2, 53, 1231, 1693
What are the prime factors of 306955546?
2, 29, 5292337
What are the prime factors of 55862745?
3, 5, 23, 161921
What are the prime factors of 1316675440?
2, 5, 16458443
What are the prime factors of 145240144?
2, 7, 1296787
What are the prime factors of 468516017?
468516017
List the prime factors of 829066348.
2, 11, 59, 29033
List the prime factors of 70771471.
311, 227561
List the prime factors of 341025883.
11, 2053, 15101
What are the prime factors of 1045957228?
2, 2621, 99767
List the prime factors of 21582255.
3, 5, 1438817
What are the prime factors of 8341719994?
2, 23, 71, 2554109
List the prime factors of 1644532825.
5, 13, 17, 17509
List the prime factors of 450734057.
71, 1129, 5623
List the prime factors of 199830390.
2, 3, 5, 6661013
List the prime factors of 13985887.
607, 23041
What are the prime factors of 132998314?
2, 66499157
List the prime factors of 41419159.
23, 1800833
What are the prime factors of 8680195440?
2, 3, 5, 7, 317, 1811
What are the prime factors of 75653157?
3, 251, 100469
List the prime factors of 253669445.
5, 50733889
What are the prime factors of 44485257?
3, 14828419
What are the prime factors of 967315456?
2, 139, 1699
List the pr